 h and 703?
37
Let q = -11379 + 11431. Let j = -192 - -118. Let p = j + 126. What is the greatest common divisor of q and p?
52
Suppose 10*b = 47*b - 27232. What is the greatest common factor of b and 1288?
184
Suppose -16*y = -19*y + h + 6956, 5*y = h + 11596. What is the highest common factor of 145 and y?
145
Let p(w) = 890*w**2 + 95*w - 96. Let h be p(1). What is the highest common factor of 56 and h?
7
Let j(h) be the second derivative of h**4/12 + 5*h**3/3 - 5*h**2 + h + 25. Let b be j(11). Calculate the greatest common divisor of 17 and b.
17
Suppose -3*d + 44 = 5*a, 0 = 5*d + 5*a - 10*a - 20. Let i = 27 - d. Calculate the greatest common factor of i and 779.
19
Let s(j) = 12*j - 167. Let m be s(-6). Let v be (-9)/(-3) + 1 + (-28 - m). What is the greatest common factor of 43 and v?
43
Suppose -3*r + 469 = r + o, 4*r - o - 467 = 0. Let z be (r/(-36))/((-2)/(-16)*-1). What is the highest common factor of 13 and z?
13
Let k = -319 - -572. Let j be (-141)/(-27) - 5 - 788/(-18). What is the highest common divisor of k and j?
11
Suppose o = 3, 0 = 103*g - 110*g + 4*o + 55540. What is the highest common divisor of g and 186?
62
Let p = 3249 - 2905. What is the highest common factor of 24 and p?
8
Suppose -34 = x - 13. Let w(t) = t**3 + 23*t**2 + 38*t - 42. Let u be w(x). Calculate the greatest common divisor of u and 18.
6
Suppose 131*q + p - 4 = 127*q, 20 = -5*p. Calculate the highest common divisor of q and 4646.
2
Suppose -65*o = -462*o + 238200. What is the greatest common factor of o and 5640?
120
Suppose -300 = -3*l - 2*l. Suppose -614 - 1766 = 4*n. Let t be (2*1)/(n/(-84) + -7). Calculate the highest common divisor of t and l.
12
Let r(s) = 3*s**2 - 11*s + 26. Let c be r(6). Let d = -49 + c. Suppose -5*t + d = -11. Calculate the highest common factor of 24 and t.
6
Let c be ((6 - 7) + -2)*20/(-15). Let m(o) = o**3 + 17*o**2 - 6*o - 6. Let y be m(c). What is the greatest common divisor of 72 and y?
18
Let v = -539 - -311. Let w = v - -282. What is the highest common divisor of w and 108?
54
Let a(w) = -31618*w - 157829. Let f be a(-5). Let k = 29 - 0. What is the highest common divisor of k and f?
29
Let s = 16469 + -14446. Calculate the highest common divisor of 4913 and s.
289
Let i be ((-51)/9)/((-1)/(-3)). Let f = 47 + i. What is the greatest common divisor of f and 30?
30
Let u(a) = -a**2 - 230*a - 12681. Let c be u(-112). Calculate the highest common factor of c and 5243.
107
Let s be -72 + 81 + (0 - -3 - -3959). Calculate the greatest common factor of s and 11.
11
Let o(c) = 59*c**2 - 2*c - 1. Let v be o(2). Let b be v/(-28) + 3/12. Let m be (-2 + 4)/(b/(-4))*16. Calculate the highest common divisor of m and 80.
16
Let w = 13370 + -13294. Suppose 3 = 3*y - 396. Calculate the greatest common factor of w and y.
19
Let r = -61 + 65. Let o(y) = 21*y + 52. Let j be o(r). What is the highest common divisor of j and 17?
17
Let c be -16 + 7*8/42*3. Let h(j) = -20*j + 66. Let m be h(c). Calculate the greatest common divisor of 18 and m.
18
Let s(b) = b**2 + 4 - b + 3 - 18 - 11. Let d be s(-7). Let a = 94 - 60. Calculate the greatest common divisor of d and a.
34
Let r = 1 - -22. Suppose r + 169 = 6*m. Calculate the highest common factor of 416 and m.
32
Suppose -5*z - 4*z + 116 = 35. What is the highest common factor of 1719 and z?
9
Let c = 18597 - 18537. Let z(q) = -q**3 + q**2 - 2*q - 2. Let r be z(-3). Calculate the greatest common divisor of c and r.
20
Suppose 0 = 10*k - 17*k + 413. Let q be k - ((-36)/(-48))/(1/4). What is the highest common divisor of q and 8?
8
Suppose 0 = 3*y - 3, -5*w + 12 = -y - 17. Let r = 667 + -553. What is the highest common divisor of w and r?
6
Suppose 66*r + 15420 = 70*r. What is the highest common divisor of 15 and r?
15
Let a(u) = 14*u + 999. Let f be a(-42). Calculate the greatest common factor of f and 3562.
137
Suppose 2*o = 4*u - 8244, 14*u + 8254 = 18*u + 3*o. Suppose -4*b - 252 + u = -5*g, -3*g = -b + 449. Calculate the highest common factor of b and 65.
65
Let s be 4759 - 2 - (5/15)/(2/(-6)). Calculate the highest common divisor of 39 and s.
39
Suppose 71*d - 519 - 1181 = -29*d + 15*d. Suppose -5*v + 535 = -565. Calculate the highest common divisor of v and d.
20
Suppose -4*u + 3*s = -213, -13*s + 96 = 2*u - 11*s. Let p be -2 + 4 + -1 + 458. Calculate the greatest common divisor of u and p.
51
Let i be 170/(-17) + ((-114)/(-2))/3. What is the highest common factor of i and 2259?
9
Suppose 0 = -17*h + 1417 - 210. Suppose 4*d - 125 = h. What is the highest common divisor of 49 and d?
49
Let b be (-4731)/(-14) + 113/1582. Calculate the highest common divisor of 4 and b.
2
Let m(t) = t**3 - 25*t**2 - 20*t - 24. Let b be m(26). Suppose -261*g + b = -258*g. What is the highest common divisor of 352 and g?
44
Let x be 2 - ((-113)/1 - 2). Suppose -5*o - i = -49, 4*o = -5*i - 196 + 252. What is the highest common factor of o and x?
9
Let q(r) = -2*r**2 + 11*r - 9. Let j be q(4). Let f be (-3 - (j - 2)) + 3. Let p be (-15)/f - (8 + -9). Calculate the highest common divisor of p and 4.
4
Suppose m + 2*z = -17, 3*m + 0*z - 4*z = -41. Let t be 10/15 - (-1 + 4430/m). What is the highest common divisor of 27 and t?
27
Let o be (-2)/(-11) + -13 + (-2148)/(-44). Suppose o*y - 1839 + 111 = 0. What is the greatest common factor of y and 80?
16
Let v(b) = b**2 + 153*b + 2785. Let t be v(-151). Calculate the highest common divisor of 13 and t.
13
Let i(k) = -k**2 + 36*k + 3. Let q be i(36). Suppose q*r = -2*c + 171, -10*r + 5*r = 2*c - 173. What is the highest common factor of 24 and c?
12
Let q(j) = -2*j**2 + 19*j + 12. Let z = -1 - -11. Let o be q(z). Suppose -666 = -8*i + o*i. Calculate the highest common divisor of 37 and i.
37
Suppose 5*n + 3 = 3*a + 118, 2*n - 45 = a. What is the greatest common divisor of 232 and n?
4
Suppose 54 = 2*f - 202. Suppose -7*u - 148 = -10*u - 2*s, 4*s = 3*u - 118. Suppose -u = -5*d + 114. Calculate the highest common divisor of d and f.
32
Suppose 9 + 11 = 4*q, 0 = 2*v - q - 43. Calculate the greatest common divisor of 147 and v.
3
Let x = 6343 - 5823. Calculate the highest common factor of 1352 and x.
104
Let m be (-8431 - -1)/(((-6)/15)/((-9)/(-5))). What is the highest common divisor of m and 90?
45
Let c = 11012 + -4772. Calculate the greatest common factor of c and 156.
156
Let s(u) = -u**2 + 10*u - 12. Let o be s(8). Let b be 516/3 + 6*2/o. Suppose -5*i - 55 + b = 0. What is the greatest common divisor of i and 192?
24
Let v(u) = 9*u**3 + u**2 - 1. Let k be v(1). Let y = -1181 + 1226. Calculate the greatest common divisor of k and y.
9
Let a(t) = t**2 - t**3 - 10*t**2 + 0*t**2 - 14 + 20. Let f be a(-9). Calculate the greatest common factor of f and 48.
6
Let r = 669 + -641. Calculate the greatest common factor of r and 148.
4
Let o(a) = -3*a**2 + 15*a**2 + 25 - 24*a - 2*a**2 - 8*a**2. Let n be o(11). Let f be (-5)/((-5)/(-4)) + 102/n. What is the greatest common factor of f and 15?
15
Suppose 264*q - 269*q + 15 = 0. What is the highest common divisor of q and 633?
3
Let l be 3597/45 + (-16)/(-240). What is the greatest common divisor of 18 and l?
2
Let c(t) = -8*t - 15. Let w be c(-4). Let b be 3/8 + (-39)/(-24). Calculate the greatest common factor of w and b.
1
Suppose 2*g = 96 + 86. Suppose -5*n = m - 4, 0 = -4*m + 3*n - 4*n + 149. Calculate the highest common factor of g and m.
13
Suppose 6 = 2*q + 2. Let y = 84 + -78. Suppose y*r + 2 = 7*r. What is the highest common divisor of r and q?
2
Suppose -4*b - 48 = -b. Let l = b - -176. Let k be 160/(-15)*(-4 - -1). What is the greatest common factor of l and k?
32
Suppose 28*q - 2881 = 3167. Let t = q - 36. Calculate the highest common divisor of t and 45.
45
Let q = 222 - 193. Suppose -482 = -3*z + 5*m, q = z + 5*m - 145. What is the highest common divisor of z and 41?
41
Let m(a) = -a**3 - 4*a**2 + a - 599. Let t be m(0). Let c = t + 743. What is the greatest common divisor of 18 and c?
18
Let o be (-6)/(((-5)/(-135))/(-1 + (-20)/12)). What is the highest common factor of 324 and o?
108
Let y(v) = 18*v + 136. Let s be y(25). Suppose -1861 + s = -5*a. What is the highest common divisor of a and 102?
51
Suppose -153493 = -141*n + 362144. What is the greatest common factor of 159 and n?
159
Let y(d) = -12*d**2 - 177*d + 4